
Suppose -9 = -2*l - 1, 5*l = -5*o + 45. Let f(k) = -o*k + 7*k - 2*k + 6*k - 1. Determine f(2).
11
Let o(d) = -d**3 + 5*d**2 + 5*d - 1. Let l be o(6). Let i = -5 - l. Let w(n) = 3*n**i - 1 + 2*n**2 + n**2. Give w(1).
5
Suppose -3*i - 3*o = -5*o + 19, i + 5*o = 22. Let d(x) be the second derivative of x**3/6 - x. Give d(i).
-3
Let d(u) = -2*u + 3. Suppose 8*w + 11 = 9*w. Let x = -8 + w. What is d(x)?
-3
Let d be (-4)/34 - (-2 + (-106)/34). Suppose -3*t + 11 = 2. Let m(q) = -t + 4*q - 4*q + q. Give m(d).
2
Let v(k) = -k**2 + 8*k - 7. Let p(s) be the third derivative of s**5/30 - 5*s**4/8 + 13*s**3/6 - 2*s**2. Let u(i) = -4*p(i) - 7*v(i). Calculate u(2).
1
Let n(m) = m**2 + m + 1. Let x(a) = -3*a**2 + 9*a + 4. Let f(t) = 2*n(t) + x(t). Determine f(12).
-6
Let r(w) = 4 - 2 + 3*w - w**2 - 6*w. Suppose s + 12 = 4*s. Suppose -d + 3*d = -s. What is r(d)?
4
Let m(b) = 2*b**3 - 2*b**2 - b + 1. Suppose -6 = -5*k + 2*k. Give m(k).
7
Let f(o) = o**3 + 3*o**2 - 5*o - 2. Let x be f(-4). Let v(k) = k + 2. Calculate v(x).
4
Let f(c) = 3*c**2 + 5*c - 1. Let g(j) = 3*j**2 + 6*j - 1. Let z(u) = -6*f(u) + 5*g(u). Let s(w) be the first derivative of z(w). Determine s(-1).
6
Let o(p) = -p + 16. Let t be o(12). Let m = t - 2. Let g(c) = 5*c. Calculate g(m).
10
Let t(z) = -2*z - 4. Let o(w) = -w - 3. Let a(x) = 4*o(x) - 3*t(x). Let r(m) = 2*m + 7. Let y be r(-5). Give a(y).
-6
Let d(i) = -3*i**2 - 3*i - 2. Suppose -3*p - 5*r - 2 = -3*r, -5*p + 3*r - 16 = 0. Calculate d(p).
-8
Let d be (8/6)/((-2)/(-6)). Let a = -10 + 18. Let k(r) = -2*r - 15. Let z(s) = -3*s - 23. Let c(b) = a*k(b) - 5*z(b). Calculate c(d).
-9
Let i be 5 + -1*2 + 0. Let h = 17 + -11. Let c(n) = 1 - n + 3 - h. Calculate c(i).
-5
Let m(w) = -w**3 + 7*w**2 + w - 6. Let t(c) = -6*c + 1. Let l be t(-1). Calculate m(l).
1
Let s(n) = n + 2. Let f be s(6). Suppose 4*q + 0*q = f. Let j(r) = q*r + r - 6*r + 1. What is j(2)?
-5
Let v = 6 + -1. Let s(t) be the third derivative of t**5/60 - t**4/6 - t**3/3 + 6*t**2. Give s(v).
3
Let b be 18/12 - (-1 + 0). Let u(h) be the first derivative of h - 1 - 1/3*h**3 + b*h**2. What is u(4)?
5
Let s(a) be the second derivative of a**5/40 - a**4/4 - a**3/3 + a. Let n(z) be the second derivative of s(z). What is n(4)?
6
Let w(g) = -7. Let p(v) = v + 15. Let m(i) = -4*p(i) - 9*w(i). Determine m(2).
-5
Let l = -48 + 54. Suppose -3*v + 2*v = -6. Let t(x) = 4 - x - 2*x**3 - 3*x**3 + v*x**3 - l*x**2. What is t(6)?
-2
Let y(l) = -5*l**2 - 3 - 2*l + 7 - 3. Let b(j) = 2*j**3 - 2*j**2 + 1. Let p be b(1). Give y(p).
-6
Let r = -2 - -3. Suppose -t = -2*t - r. Let u(o) = 1. Let v(j) = -j**2 + 5*j - 6. Let n(s) = t*v(s) - 6*u(s). What is n(5)?
0
Let t = -5 - -5. Let j be (-9 - t)*4/6. Let c(q) = q - 3. What is c(j)?
-9
Let f(n) = -n**2 - n + 1. Let z(p) = -4*p**2 - 3*p + 5. Let k(v) = -5*f(v) + z(v). What is k(-4)?
8
Let r(n) = -n**2 - n + 1. Let j(u) = 4*u**2 + 9*u + 3. Let z(x) = -j(x) - 3*r(x). Let f(l) = -7*l - 4. Let a be f(-6). Let s be a/(-10) - 1/5. Give z(s).
2
Let f be 0 + 4 + -3 - 1. Suppose 0 = 4*j + 4*m - 8, m = -f*j + j + 6. Let b(a) = -2*a**3 - a**2 + 3*a + 1. What is b(j)?
7
Suppose -105 = -c - 4*c. Suppose -4*o = -9 + c. Let x(p) be the second derivative of -p**3/6 + p**2 + p. Determine x(o).
5
Let p(h) = h**3 - 4*h**2 - 6*h. Let i be p(5). Let l(k) = -k**2 - 5*k + 4. Give l(i).
4
Let g(m) = -2*m. Suppose b = -5*w + 40, -5*w = -3*b + 5*b - 40. Suppose -15 = 3*u, -2*u - w = -4*z + 18. Give g(z).
-8
Let x(h) = h**3 - 2*h**2 - h - 4. Let t(j) = -j**2 - 9*j - 8. Let p be t(-9). Let z = p + 11. Let g be (2/2)/(z/9). Calculate x(g).
2
Suppose l + 1 = 4*s, 3*s - 2 = 4*l - 3*l. Let g be 12/2*s/(-3). Let o(u) = u**3 - 3*u + 4*u**2 + 1 + g*u - 1. What is o(-4)?
4
Let z(y) be the third derivative of -y**5/60 - y**4/4 - y**3/2 - 6*y**2. Let d be (1 + 1)/((-4)/10). Calculate z(d).
2
Let a(s) = -s**2 + 5*s + 5. Suppose 23*h = 25*h - 10. Calculate a(h).
5
Let m(z) be the first derivative of -z**2/2 - z + 1. Determine m(3).
-4
Let i(c) be the first derivative of c - c**3 - 1 + 1/12*c**4 + 3*c**2. Let h(g) be the first derivative of i(g). Calculate h(4).
-2
Let f(d) = d**3 - 2*d**2 - d + 2. Suppose -4*w + 48 = -0*w. Let k(j) = 2*j**2 + 4*j + 1. Let u be k(-3). Suppose 4*o = 0, w = -3*m + u*m - 4*o. Calculate f(m).
8
Let d(x) = x**2 - 7*x + 2. Suppose 13 - 4 = 2*y + 3*s, 4*y - 5*s = 7. Calculate d(y).
-10
Let v be 2 + 2*(-3)/(-6). Let z(l) = 3*l**3 - 4*l**2 - 2*l + v - 4*l**3 - 9 + 0*l. Determine z(-4).
2
Let y = 29 + -28. Let h be ((-6)/(-4))/(2/4). Let o(f) = -1 + 3*f - 3*f - 2*f**h + 2*f. Determine o(y).
-1
Let b = 1 - 0. Let t(f) be the first derivative of -7*f**2/2 + f + 1. Determine t(b).
-6
Let n(q) be the second derivative of -q**3/6 + q**2/2 - q. Let z = 4 - 2. Calculate n(z).
-1
Let p = 29 + -31. Let l(b) be the third derivative of b**4/12 + b**3/6 - 2*b**2. Determine l(p).
-3
Let r(x) = x + 15. Let c = -2 + 2. Determine r(c).
15
Let y(p) be the second derivative of -p**3/6 - p**2/2 + 10*p. Calculate y(2).
-3
Let m(r) be the third derivative of -r**6/120 + r**5/60 - r**4/12 - r**3/6 + 5*r**2. Determine m(2).
-9
Suppose -3*g - 2*g + 21 = 3*j, -j - 10 = -4*g. Let b(s) = 3*s + 2*s - 2 - s**2 - 1. Give b(g).
3
Let k(j) = -j**2 - 8*j - 6. Let h be k(-6). Let r = h + -4. Let c(d) = 3*d**2 - 3 + 3*d + 0 - 4*d**2. Determine c(r).
-1
Let t(f) be the first derivative of -4*f + 12 + 1/3*f**3 - 2*f**2. Let c(i) = -i - 2. Let h be c(-6). Give t(h).
-4
Let h(d) be the first derivative of -d**3/3 + 2*d**2 - 7. Give h(2).
4
Let q(c) be the third derivative of -c**5/60 + c**4/24 + c**3/2 - 8*c**2. Give q(4).
-9
Suppose 9 = -2*m - 3*q + 18, 0 = -2*m + 2*q + 4. Suppose -m + 2 = -x. Let u(d) = -d**2 + d. Calculate u(x).
0
Let f(p) = 4*p + 2 - 4*p - p**2 - 3. Let a(q) = -5*q**2 - q - 6. Let k(r) = a(r) - 6*f(r). Let d be 1 + 5/((-10)/4). Give k(d).
2
Let t(h) = h**2 - h - 4. Suppose 0 = r + r - 6. Let j be t(r). Let q(a) = 6 + a + 2*a**j + 2*a**3 - 6. What is q(-1)?
-1
Let p(f) = -f**3 + 6*f**2 - 4*f. Suppose z + 4*z = 0, 3*z + 5 = t. Determine p(t).
5
Suppose 0 = -r - 2*r + 30. Let w(g) = 6 - r - g + 0*g. Give w(-4).
0
Let l(j) = -2*j. Let p = -12 + 16. Determine l(p).
-8
Suppose -12*s + 7*s + 15 = 0. Let q = 0 - 1. Let h(g) = g - 1. Let p(k) = k**2 - 6*k + 6. Let j(d) = q*p(d) - 4*h(d). What is j(s)?
-5
Let a = 46 - 46. Let i(c) be the third derivative of c**5/60 + c**4/24 + c**3/3 - c**2. Give i(a).
2
Let d(g) = g**2 + g + 9. Let h(i) = i**2 + 8. Let c(b) = 5*d(b) - 6*h(b). Suppose 0 = 5*y, 1 = m - 3*y - 1. Suppose -4*v + 14 = -m. Give c(v).
1
Let y(q) = -3*q - 8. Let k(d) = -15*d - 39. Let i(b) = 5*k(b) - 24*y(b). Let l be 1/2 - (-18)/4. Suppose 0 = l*x - x + 8. Give i(x).
3
Let v(d) = 4*d + 6 - 12*d + 11*d - d**2 + 6*d. Calculate v(10).
-4
Let k(t) = t**3 + 5*t**2 - 4. Suppose 0 = -4*u + 2*u + 22. Suppose 5*h - 2*h = m - u, -2*h + 4*m - 4 = 0. Determine k(h).
12
Let l(o) be the second derivative of -o**3/6 + 3*o**2/2 + 9*o. Give l(3).
0
Let z(n) = -3 - 5*n + 4*n + 0. Suppose 8*w = 12*w + 24. Give z(w).
3
Let w(p) = p**3 + 10*p**2 + 11*p + 14. Let u be w(-9). Let h(m) = m**3 + 5*m**2 + 5*m + 4. Calculate h(u).
0
Let t(b) = -2*b - 1. Let g(i) = -1. Let k(w) = 6*g(w) + t(w). Determine k(-6).
5
Let p(m) = 5*m. Let v(l) = -l**2 + 0*l**3 + 1 + 0*l + 2*l**3 - l. Let w be v(1). Suppose w - 2 = -x. Give p(x).
5
Let s(q) = -q - 13*q**2 - 5*q**2 + 5*q**2. Give s(-1).
-12
Let r be (-4)/(-22) + (-138)/33. Let q(f) be the second derivative of -1/12*f**4 + 0 + 3/2*f**2 - 3*f - 1/3*f**3. Determine q(r).
-5
Let x(j) = 2 - 3*j + j - 2. What is x(-2)?
4
Let z(h) = -h**2 - 5*h + 2. Let s(a) = 8*a + 4. Let n be s(-1). What is z(n)?
6
Suppose -73*b + 76*b = -6. Let i(v) = -v**3 + 2*v**2 + 4*v + 2. Determine i(b).
10
Let y = 7 - 7. Suppose y = a - 1 - 3. Let i(d) = -3*d**2 + d - 18. Let u(j) = -j**2 - 6. Let g(z) = 4*i(z) - 11*u(z). Calculate g(a).
-6
Let t(s) be the third derivative of s**6/120 + s**5/30 - s**3/3 + 11*s**2. Determine t(-2).
-2
Let f(p) = -p - 1. Suppose 0 = 5*j - 3*m - 12 - 13, -3*m - 15 = 0. Give f(j).
-3
Let g(t) = -t**3 - 4*t**2 - 4. Let s(b) = -2*b**3 - 8*b**2 + b - 7. Let c(q) = -5*g(q) + 3*s(q). Let r = 1 + -6. Determine c(r).
9
Let c(w) = -w**2 + w + 1. Suppose 3*z = y + 6*z - 15, -4*y + 5